6
Let a be 10125/75 + (-2 - -2) + -3. Calculate the highest common divisor of a and 99.
33
Let i = -27 + 51. Suppose -5*c = -i + 4. Suppose -r = -3, r + 0*r = -c*s + 483. What is the highest common divisor of 15 and s?
15
Suppose -7 = 2*p - p. Suppose 5*v + 29 = 2*l - 0*l, 3*v = -5*l - 5. Let x = v - p. What is the greatest common factor of x and 6?
2
Let d be ((-14)/(-21))/((-16)/(-1272)). What is the highest common divisor of d and 265?
53
Let m(c) = -c**3 - 5*c**2 - 7*c - 7. Let s be m(-4). Suppose 3*a = s*n - 115, 0*a - 4*a + 98 = 3*n. Calculate the highest common factor of 65 and n.
13
Let a(i) = 2*i**2 - i + 7. Let d be a(3). Let r = 2 + 1. Suppose 516 = 3*x + r*s, 5*s = -3*x + 2*x + 156. Calculate the highest common divisor of d and x.
22
Let j be (-66)/((18/4)/(-3)). Let z be (-56)/812 - 5108/(-58). Calculate the highest common factor of j and z.
44
Let z = 4189 + -1029. Calculate the highest common divisor of z and 40.
40
Let l(i) = -i + 1. Let h be 4*((-3)/2 + 2). Let o be l(h). Let k be 2 + 9 + (2 - o). What is the highest common factor of 14 and k?
14
Suppose 21 = v - 5*k, -4*k - 17 = -v + 4. Suppose 14*o = 7*o + v. What is the greatest common factor of o and 12?
3
Let t(y) = -y**3 - 7*y**2 - 8*y - 6. Let s be t(-6). Suppose 5*i + 29 = 4*b, -b + 3*b + 5*i = 7. Calculate the highest common divisor of s and b.
6
Let q(j) = 10*j**2 - 15*j + 2. Let v be q(2). What is the highest common divisor of v and 156?
12
Let s be ((-20)/3)/((-4)/6). Let t(i) = 3*i + 8. Let w be t(s). Calculate the greatest common factor of w and 266.
38
Let a = 3330 + -3312. Suppose -v + 48 = 2*s - 238, 4*s = -3*v + 570. What is the greatest common divisor of a and s?
18
Let k = 219 - 174. Calculate the highest common factor of 1305 and k.
45
Let m be (8 - 4)/(24/174). What is the highest common divisor of m and 174?
29
Let p = 29 + -13. Let z = -317 + 845. Suppose 0 = -9*i + 6*i + z. What is the highest common factor of p and i?
16
Suppose 5*k - 2*s = 4*k + 4, 2*s - 12 = -3*k. Suppose 18 - 6 = k*q. What is the highest common factor of 27 and q?
3
Let r = 15 + -13. Suppose -y - 452 = -r*s - 5*y, -2*y - 434 = -2*s. Calculate the highest common divisor of s and 20.
20
Suppose -b + 4*v = -18, 40*v - 43*v - 46 = -2*b. What is the highest common divisor of 52 and b?
26
Suppose 4*d - 4*n - 1736 = 0, 3*d = 6*n - 8*n + 1277. What is the highest common factor of 195 and d?
39
Let y(h) = 2*h**2 + 7*h - 23. Let k be y(5). Suppose -k - 26 = -22*s. Calculate the highest common divisor of s and 36.
4
Let n(t) = -4 - 4 + 1 + 4*t + 1. Let f(k) = 2*k**3 - 3*k**2 + k - 1. Let d be f(2). Let g be n(d). What is the highest common factor of g and 14?
14
Suppose 14*b - 17*b = -90. Suppose 76 = 2*v + g + g, -b = -v + g. Calculate the highest common divisor of 170 and v.
34
Suppose 12*p - 219 - 453 = 0. What is the greatest common divisor of p and 126?
14
Suppose -364 = 5*q + 266. Let s = 243 + q. Let k(o) = -o**2 + 12*o - 22. Let m be k(5). Calculate the highest common factor of m and s.
13
Let q(i) = 17*i**2 + 138*i + 3. Let n be q(5). What is the highest common divisor of 26 and n?
26
Let p(q) be the first derivative of q**4/4 + 7*q**3/3 + q**2/2 - 2*q - 9. Let x be p(-4). Calculate the greatest common factor of 21 and x.
21
Suppose 37*h - 33*h = 156. Let s = h - 31. Calculate the greatest common factor of s and 4.
4
Let o(i) = -3*i - 3. Let c be o(3). Let n be (c/(-9))/((-4)/(-294)). Let j = 17 - 3. What is the highest common factor of n and j?
14
Let a = 49 + -28. Suppose 3*u + 4*y = 55, -3*u - 4*y + a = -2*u. Suppose -20*r + 19*r = -34. What is the greatest common factor of r and u?
17
Let v = 327 + -321. Calculate the highest common divisor of v and 57.
3
Let a(b) = -42*b + 256. Let h be a(6). What is the highest common divisor of h and 44?
4
Let l = 79 - 2. Suppose -14*u + l = -35. Calculate the highest common factor of u and 72.
8
Let s(z) = -z**2 + 20*z + 107. Let d be s(24). Calculate the highest common factor of d and 352.
11
Suppose -5*h = i - 2*h - 15, 24 = 5*i - 2*h. Suppose 20*f = i*f + 182. Suppose 0*w + 5*w = 65. Calculate the highest common factor of w and f.
13
Let u = 706 - 381. Calculate the highest common divisor of u and 25.
25
Let n(c) = c**3 + 9*c**2 + 7*c + 8. Suppose 4*s + 4*u = -6 - 46, -4*u = 20. Let b be n(s). Calculate the highest common factor of b and 2.
2
Suppose 5*f + 6 = 21. Suppose 0 = -f*o + 12*o - 216. Calculate the greatest common divisor of 96 and o.
24
Let i(m) = -8 - 4*m + m**2 + 17 - m. Let g be i(4). Suppose 15 = -g*y, -y - 30 = -3*d + 2*y. Calculate the highest common divisor of d and 56.
7
Suppose -5*b = 4*s - 255, -4*b = -6*s + 2*s - 240. Suppose -l = 86*l - 435. Calculate the greatest common divisor of b and l.
5
Let d be (-3 + (-3 - -6))/1. Suppose -4*i + 3*j + 8 = 4*j, d = 2*j - 8. What is the greatest common divisor of 4 and i?
1
Let d = 2 + 1. Let n(h) = d*h**2 - 1 - 5 + 4. Let w be n(-3). What is the greatest common divisor of 50 and w?
25
Let a(x) = x**3 - 13*x**2 + 56*x. Let f be a(4). Calculate the highest common factor of 20 and f.
20
Let x = 61 + -1. Suppose -d + x = 3*d. What is the greatest common factor of d and 5?
5
Suppose 10*h - 214 = -4. Suppose 0 = -2*p + 6*p + 32. Let k = h + p. Calculate the highest common divisor of 104 and k.
13
Suppose 0 = -v - 3*z + 164, z + 708 = 5*v - v. Let k = -19 - -41. Calculate the greatest common factor of k and v.
22
Suppose -7*a - 4*a + 880 = 0. Let g = -4 + 3. Let i be -5 + 14 - (0 + g). Calculate the greatest common divisor of i and a.
10
Let o = 13 + -4. Let d(n) = n**2 - 9*n + 8. Let q be d(o). Suppose 0 = -4*c - 0*c + 128. What is the greatest common divisor of c and q?
8
Let w be (-5 - 4/(26 + -6))*-60. Calculate the highest common factor of w and 96.
24
Let f(m) = -m**3 + 6*m**2 + 10*m + 3. Let o be f(7). Let c(y) = y**3 + 15*y**2 + 11*y - 2. Let d be c(-14). Calculate the highest common factor of d and o.
8
Let z(d) = 5*d + 102. Let x be z(-15). What is the highest common factor of 9 and x?
9
Let j(z) = 22*z**2 - 25*z + 63. Let n be j(4). What is the highest common factor of 126 and n?
63
Let z(i) = -2*i + 20. Let y be z(6). Let w be y/12*-1*-141. Suppose -4*q = -w + 10. Calculate the highest common factor of q and 63.
21
Let d(s) = s**3 + 7*s**2 - s + 8. Let c be d(-7). What is the highest common factor of c and 135?
15
Suppose 0 = 6*p - 3*p. Suppose p = 10*n - 7*n - 60. What is the highest common factor of n and 40?
20
Let f = -45 - -44. Let v be 1*(2/f)/((-14)/49). What is the highest common divisor of v and 56?
7
Suppose 58 = -2*o + 162. Suppose -25 = -57*n + o*n. What is the greatest common divisor of n and 1?
1
Suppose u - 5*n - 40 = -4, u + 4*n = -9. Let k be 98 - (-3 - -1 - -1). Calculate the highest common factor of k and u.
11
Suppose 4*m - 60 = -12. Suppose 33 = -2*v + 11. Let a = -7 - v. Calculate the highest common factor of a and m.
4
Suppose -a = 3*x - 94, -17*x = -14*x + 2*a - 92. Calculate the highest common divisor of x and 38.
2
Suppose -w = 5*m + 10, -5*m - 1 - 4 = 2*w. Suppose o + 37 = w*p, 0*o = -5*p - 2*o + 31. What is the greatest common divisor of 7 and p?
7
Suppose 192 = l + 3*l. Let j = 68 - l. What is the greatest common divisor of 220 and j?
20
Suppose -4*r - o + 15744 = 0, 0 = -2*r - 5*o + 8469 - 597. Calculate the greatest common divisor of 123 and r.
123
Suppose -2*g + 2 + 0 = 0. Suppose -g = b - 5. Suppose -3*c = -6*c + 36. Calculate the greatest common divisor of c and b.
4
Let o(v) be the third derivative of 2*v**4/3 + v**3/6 + 20*v**2. Let z be o(1). Calculate the greatest common divisor of 187 and z.
17
Let p be (-50)/(-8) - ((-1)/(-4) - 0). Suppose p*x - 11*x + 10 = 0. What is the greatest common factor of x and 16?
2
Let a be ((-24)/(-16))/(2/(-44)). Let t be 2/(-11) - (-1 + 765/a). Calculate the highest common factor of 72 and t.
24
Let l(w) = -137*w**3 + 5*w**2 + 11*w - 4. Let y be l(-2). Calculate the greatest common factor of 10 and y.
10
Let h be 96/10*35/14. What is the greatest common factor of 24 and h?
24
Let f = -524 + 678. Suppose -4*j = -2*o + 3*o - 30, 2*j = -2*o + 36. What is the highest common factor of f and o?
14
Let j(y) = y**3 + 6*y**2 + 2*y + 6. Let h be j(-4). Let l be ((-24)/(-40))/(1/505) + -3. Calculate the highe